	


	{"id":95,"date":"2021-07-21T16:35:41","date_gmt":"2021-07-21T14:35:41","guid":{"rendered":"http:\/\/cezaszielonagora.pl\/?page_id=95"},"modified":"2021-07-21T16:42:03","modified_gmt":"2021-07-21T14:42:03","slug":"sprawy-pracownicze","status":"publish","type":"page","link":"https:\/\/cezaszielonagora.pl\/index.php\/sprawy-pracownicze\/","title":{"rendered":"SPRAWY PRACOWNICZE"},"content":{"rendered":"\n<p style=\"text-align:justify;\">W sprawach dotycz\u0105cych dokumentacji pracowniczej, w tym dokument\u00f3w kadrowych oraz p\u0142acowych uprzejmie prosimy o kontakt ze sp\u00f3\u0142k\u0105 pod firm\u0105 PERFEKCJA Archiwum Sp. z o.o. (NIP: 9291708227), kt\u00f3ra to na mocy umowy stron przej\u0119\u0142a na siebie obowi\u0105zek przechowywania oraz administrowania dokumentacj\u0105 kategorii B-50.<\/p>\n\n\n\n<p><a href=\"http:\/\/cezaszielonagora.pl\/wp-content\/uploads\/2021\/07\/2021-07-16-protokol-zdawczo-odbiorczy-CEZAS-SP.-Z-O.O..pdf\">2021-07-16-protokol-zdawczo-odbiorczy-CEZAS-SP.-Z-O.O.<\/a>\n","protected":false},"excerpt":{"rendered":"<p>W sprawach dotycz\u0105cych dokumentacji pracowniczej, w tym dokument\u00f3w kadrowych oraz p\u0142acowych uprzejmie prosimy o kontakt ze sp\u00f3\u0142k\u0105 pod firm\u0105 PERFEKCJA Archiwum Sp. z o.o. (NIP: 9291708227), kt\u00f3ra to na mocy umowy stron przej\u0119\u0142a na siebie obowi\u0105zek przechowywania oraz administrowania dokumentacj\u0105 kategorii B-50. 2021-07-16-protokol-zdawczo-odbiorczy-CEZAS-SP.-Z-O.O.<\/p>\n","protected":false},"author":1,"featured_media":0,"parent":0,"menu_order":0,"comment_status":"closed","ping_status":"closed","template":"","meta":{"footnotes":""},"class_list":["post-95","page","type-page","status-publish","hentry"],"_links":{"self":[{"href":"https:\/\/cezaszielonagora.pl\/index.php\/wp-json\/wp\/v2\/pages\/95","targetHints":{"allow":["GET"]}}],"collection":[{"href":"https:\/\/cezaszielonagora.pl\/index.php\/wp-json\/wp\/v2\/pages"}],"about":[{"href":"https:\/\/cezaszielonagora.pl\/index.php\/wp-json\/wp\/v2\/types\/page"}],"author":[{"embeddable":true,"href":"https:\/\/cezaszielonagora.pl\/index.php\/wp-json\/wp\/v2\/users\/1"}],"replies":[{"embeddable":true,"href":"https:\/\/cezaszielonagora.pl\/index.php\/wp-json\/wp\/v2\/comments?post=95"}],"version-history":[{"count":4,"href":"https:\/\/cezaszielonagora.pl\/index.php\/wp-json\/wp\/v2\/pages\/95\/revisions"}],"predecessor-version":[{"id":102,"href":"https:\/\/cezaszielonagora.pl\/index.php\/wp-json\/wp\/v2\/pages\/95\/revisions\/102"}],"wp:attachment":[{"href":"https:\/\/cezaszielonagora.pl\/index.php\/wp-json\/wp\/v2\/media?parent=95"}],"curies":[{"name":"wp","href":"https:\/\/api.w.org\/{rel}","templated":true}]}}